{"id":9244,"date":"2026-04-29T09:56:04","date_gmt":"2026-04-29T07:56:04","guid":{"rendered":"https:\/\/intercontactservices.com\/?post_type=job_listing&#038;p=9244"},"modified":"2026-04-29T09:56:08","modified_gmt":"2026-04-29T07:56:08","slug":"un-e-controleur-du-projet-amelioration-de-lacces-au-droit-et-a-la-justice-des-vulnerables-victimes-des-violations-des-droits-humains","status":"publish","type":"job_listing","link":"https:\/\/intercontactservices.com\/en\/job\/un-e-controleur-du-projet-amelioration-de-lacces-au-droit-et-a-la-justice-des-vulnerables-victimes-des-violations-des-droits-humains\/","title":{"rendered":"Un ( e) Contr\u00f4leur du projet \u00abAMELIORATION DE L\u2019ACCES AU DROIT ET A LA JUSTICE DES VULNERABLES VICTIMES DES VIOLATIONS DES DROITS HUMAINS\u00a0\u00bb"},"content":{"rendered":"<figure class=\"wp-block-image size-full\"><img decoding=\"async\" width=\"210\" height=\"102\" src=\"https:\/\/intercontactservices.com\/wp-content\/uploads\/2026\/04\/Cordaid-1.png\" alt=\"\" class=\"wp-image-9114\"\/><\/figure>\n\n\n\n<p><br>Dans le cadre de mise en \u0153uvre des projets et programmes de Cordaid Burundi, il est pr\u00e9vu le recrutement d\u2019un ( e) Contr\u00f4leur du projet <strong>\u00abAMELIORATION DE L\u2019ACCES AU DROIT ET A LA JUSTICE DES VULNERABLES VICTIMES DES VIOLATIONS DES DROITS HUMAINS<\/strong>\u00a0\u00bb qui sera bas\u00e9 \u00e0 Bujumbura et pour la p\u00e9riode de juillet \u00e0 d\u00e9cembre 2026.<\/p>\n\n\n\n<p>Cordaid invite, par le pr\u00e9sent avis de candidature, les personnes int\u00e9ress\u00e9es tant \u00e0 l\u2019interne qu\u2019\u00e0 l\u2019externe \u00e0 pr\u00e9senter leurs dossiers comprenant&nbsp;:<\/p>\n\n\n\n<ul class=\"wp-block-list\">\n<li>Une lettre de motivation adress\u00e9e \u00e0 la Directrice du Cluster&nbsp;;<\/li>\n\n\n\n<li>Un CV d\u00e9taill\u00e9 et actualis\u00e9&nbsp;;<\/li>\n\n\n\n<li>Une copie de la carte nationale d\u2019identit\u00e9<\/li>\n\n\n\n<li>Les photocopies des dipl\u00f4mes et attestations des services rendus&nbsp;;<\/li>\n\n\n\n<li>Tout autre document pouvant motiv\u00e9 votre candidature<\/li>\n<\/ul>\n\n\n\n<p><strong><u>N.B<\/u>\u00a0: <\/strong>Les personnes int\u00e9ress\u00e9es doivent soumettre leurs dossiers sur l\u2019adresse <a href=\"mailto:Burundi.Office@cordaid.org\" target=\"_blank\" rel=\"noopener\" title=\"\"><strong>Burundi.Office@cordaid.org<\/strong><\/a> . Aucun dossier physique ne sera accept\u00e9.<\/p>\n\n\n\n<p>Les d\u00e9tails du profil de poste peuvent \u00eatre consult\u00e9s sur les sites ci-apr\u00e8s&nbsp;:<a href=\"https:\/\/intercontactservices.com\/en\/\" target=\"_blank\" rel=\"noopener\" title=\"\"><strong>https:\/\/www.intercontactservices.com<\/strong><\/a>et <a href=\"https:\/\/www.burundijobs.bi\" target=\"_blank\" rel=\"noopener\" title=\"\"><strong>https:\/\/www.burundijobs.bi<\/strong><\/a>.<\/p>\n\n\n\n<p><strong><u>DATE LIMITE D\u2019ENVOI DES DOSSIERS<\/u><\/strong><\/p>\n\n\n\n<p>La date limite &nbsp;d\u2019envoi des dossiers est fix\u00e9 au &nbsp;<strong>15 mai 2026 \u00e0 12h., heure locale.<\/strong><\/p>\n\n\n\n<p>&nbsp;&nbsp;&nbsp;&nbsp;&nbsp;&nbsp;&nbsp;&nbsp;&nbsp;&nbsp;&nbsp;&nbsp;&nbsp;&nbsp;&nbsp;&nbsp;&nbsp;&nbsp;&nbsp;&nbsp;&nbsp;&nbsp;&nbsp;&nbsp;&nbsp;&nbsp;&nbsp;&nbsp;&nbsp;&nbsp;&nbsp;&nbsp;&nbsp;&nbsp;&nbsp;&nbsp;&nbsp;&nbsp;&nbsp;&nbsp;&nbsp;&nbsp;&nbsp;&nbsp;&nbsp;&nbsp;&nbsp;&nbsp;&nbsp;&nbsp;&nbsp;&nbsp;&nbsp;&nbsp;&nbsp;&nbsp;&nbsp;&nbsp;&nbsp;&nbsp;&nbsp;&nbsp;&nbsp;&nbsp; Fait \u00e0 Bujumbura, le 28 avril 2026<\/p>\n\n\n\n<p>&nbsp;&nbsp; Leentje Janna van Ooijen<\/p>\n\n\n\n<p><strong>&nbsp;&nbsp;&nbsp;&nbsp;&nbsp;&nbsp;&nbsp;&nbsp;&nbsp;&nbsp;&nbsp;&nbsp;&nbsp;&nbsp;&nbsp;&nbsp;&nbsp;&nbsp;&nbsp;&nbsp;&nbsp;&nbsp;&nbsp;&nbsp;&nbsp;&nbsp;&nbsp;&nbsp;&nbsp;&nbsp;&nbsp;&nbsp;&nbsp;&nbsp;&nbsp;&nbsp;&nbsp;&nbsp;&nbsp;&nbsp;&nbsp;&nbsp;&nbsp;&nbsp;&nbsp;&nbsp;&nbsp;&nbsp;&nbsp;&nbsp;&nbsp;&nbsp;&nbsp;&nbsp;&nbsp;&nbsp;&nbsp;&nbsp;&nbsp;&nbsp;&nbsp;&nbsp;&nbsp;&nbsp;&nbsp;&nbsp;&nbsp;&nbsp; Directrice du cluster Cordaid BDI\/RDC<\/strong><\/p>\n\n\n\n<p><a href=\"https:\/\/intercontactservices.com\/wp-content\/uploads\/2026\/04\/Description-de-poste-de-Controleur-du-projet-Acces-a-la-justice-4-1.docx\" target=\"_blank\" rel=\"noopener\" title=\"\">Description de poste de Contr\u00f4leur du projet Acc\u00e8s \u00e0 la justice (4)<\/a><\/p>\n\n\n\n<p><\/p>\n\n\n\n<p><\/p>","protected":false},"author":25,"featured_media":0,"comment_status":"open","ping_status":"closed","template":"","job_listing_type":[],"job_listing_category":[],"job_listing_location":[],"job_listing_tag":[],"class_list":["post-9244","job_listing","type-job_listing","status-publish","hentry"],"aioseo_notices":[],"metas":{"_job_featured_image":"","_job_featured":"","_job_filled":"","_job_urgent":"","_job_category":[],"_job_type":[],"_job_tag":[],"_job_expiry_date":"2026-05-15","_job_gender":"","_job_apply_type":"","_job_apply_url":"","_job_apply_email":"","_job_salary_type":"","_job_salary":"","_job_experience":"","_job_career_level":"","_job_qualification":"","_job_video_url":"","_job_photos":"","_job_application_deadline_date":"2026-05-15","_job_address":"","_job_location":[],"_job_map_location":{"address":"","latitude":"","longitude":""},"_job_logo":"https:\/\/intercontactservices.com\/wp-content\/uploads\/2026\/04\/Cordaid-1.png","_job_phone":"","_job_industry":"","custom-textarea-31543641":""},"_links":{"self":[{"href":"https:\/\/intercontactservices.com\/en\/wp-json\/wp\/v2\/job_listing\/9244","targetHints":{"allow":["GET"]}}],"collection":[{"href":"https:\/\/intercontactservices.com\/en\/wp-json\/wp\/v2\/job_listing"}],"about":[{"href":"https:\/\/intercontactservices.com\/en\/wp-json\/wp\/v2\/types\/job_listing"}],"author":[{"embeddable":true,"href":"https:\/\/intercontactservices.com\/en\/wp-json\/wp\/v2\/users\/25"}],"replies":[{"embeddable":true,"href":"https:\/\/intercontactservices.com\/en\/wp-json\/wp\/v2\/comments?post=9244"}],"version-history":[{"count":2,"href":"https:\/\/intercontactservices.com\/en\/wp-json\/wp\/v2\/job_listing\/9244\/revisions"}],"predecessor-version":[{"id":9249,"href":"https:\/\/intercontactservices.com\/en\/wp-json\/wp\/v2\/job_listing\/9244\/revisions\/9249"}],"wp:attachment":[{"href":"https:\/\/intercontactservices.com\/en\/wp-json\/wp\/v2\/media?parent=9244"}],"wp:term":[{"taxonomy":"job_listing_type","embeddable":true,"href":"https:\/\/intercontactservices.com\/en\/wp-json\/wp\/v2\/job_listing_type?post=9244"},{"taxonomy":"job_listing_category","embeddable":true,"href":"https:\/\/intercontactservices.com\/en\/wp-json\/wp\/v2\/job_listing_category?post=9244"},{"taxonomy":"job_listing_location","embeddable":true,"href":"https:\/\/intercontactservices.com\/en\/wp-json\/wp\/v2\/job_listing_location?post=9244"},{"taxonomy":"job_listing_tag","embeddable":true,"href":"https:\/\/intercontactservices.com\/en\/wp-json\/wp\/v2\/job_listing_tag?post=9244"}],"curies":[{"name":"wp","href":"https:\/\/api.w.org\/{rel}","templated":true}]}}

Un ( e) Contrôleur du projet «AMELIORATION DE L’ACCES AU DROIT ET A LA JUSTICE DES VULNERABLES VICTIMES DES VIOLATIONS DES DROITS HUMAINS »

<figure class="wp-block-image size-full"><img decoding="async" width="210" height="102" src="https://intercontactservices.com/wp-content/uploads/2026/04/Cordaid-1.png" alt="" class="wp-image-9114"/></figure>



<p><br>Dans le cadre de mise en œuvre des projets et programmes de Cordaid Burundi, il est prévu le recrutement d’un ( e) Contrôleur du projet <strong>«AMELIORATION DE L’ACCES AU DROIT ET A LA JUSTICE DES VULNERABLES VICTIMES DES VIOLATIONS DES DROITS HUMAINS</strong> » qui sera basé à Bujumbura et pour la période de juillet à décembre 2026.</p>



<p>Cordaid invite, par le présent avis de candidature, les personnes intéressées tant à l’interne qu’à l’externe à présenter leurs dossiers comprenant&nbsp;:</p>



<ul class="wp-block-list">
<li>Une lettre de motivation adressée à la Directrice du Cluster&nbsp;;</li>



<li>Un CV détaillé et actualisé&nbsp;;</li>



<li>Une copie de la carte nationale d’identité</li>



<li>Les photocopies des diplômes et attestations des services rendus&nbsp;;</li>



<li>Tout autre document pouvant motivé votre candidature</li>
</ul>



<p><strong><u>N.B</u> : </strong>Les personnes intéressées doivent soumettre leurs dossiers sur l’adresse <a href="mailto:Burundi.Office@cordaid.org" target="_blank" rel="noopener" title=""><strong>Burundi.Office@cordaid.org</strong></a> . Aucun dossier physique ne sera accepté.</p>



<p>Les détails du profil de poste peuvent être consultés sur les sites ci-après&nbsp;:<a href="https://intercontactservices.com/en/" target="_blank" rel="noopener" title=""><strong>https://www.intercontactservices.com</strong></a>et <a href="https://www.burundijobs.bi" target="_blank" rel="noopener" title=""><strong>https://www.burundijobs.bi</strong></a>.</p>



<p><strong><u>DATE LIMITE D’ENVOI DES DOSSIERS</u></strong></p>



<p>La date limite &nbsp;d’envoi des dossiers est fixé au &nbsp;<strong>15 mai 2026 à 12h., heure locale.</strong></p>



<p>&nbsp;&nbsp;&nbsp;&nbsp;&nbsp;&nbsp;&nbsp;&nbsp;&nbsp;&nbsp;&nbsp;&nbsp;&nbsp;&nbsp;&nbsp;&nbsp;&nbsp;&nbsp;&nbsp;&nbsp;&nbsp;&nbsp;&nbsp;&nbsp;&nbsp;&nbsp;&nbsp;&nbsp;&nbsp;&nbsp;&nbsp;&nbsp;&nbsp;&nbsp;&nbsp;&nbsp;&nbsp;&nbsp;&nbsp;&nbsp;&nbsp;&nbsp;&nbsp;&nbsp;&nbsp;&nbsp;&nbsp;&nbsp;&nbsp;&nbsp;&nbsp;&nbsp;&nbsp;&nbsp;&nbsp;&nbsp;&nbsp;&nbsp;&nbsp;&nbsp;&nbsp;&nbsp;&nbsp;&nbsp; Fait à Bujumbura, le 28 avril 2026</p>



<p>&nbsp;&nbsp; Leentje Janna van Ooijen</p>



<p><strong>&nbsp;&nbsp;&nbsp;&nbsp;&nbsp;&nbsp;&nbsp;&nbsp;&nbsp;&nbsp;&nbsp;&nbsp;&nbsp;&nbsp;&nbsp;&nbsp;&nbsp;&nbsp;&nbsp;&nbsp;&nbsp;&nbsp;&nbsp;&nbsp;&nbsp;&nbsp;&nbsp;&nbsp;&nbsp;&nbsp;&nbsp;&nbsp;&nbsp;&nbsp;&nbsp;&nbsp;&nbsp;&nbsp;&nbsp;&nbsp;&nbsp;&nbsp;&nbsp;&nbsp;&nbsp;&nbsp;&nbsp;&nbsp;&nbsp;&nbsp;&nbsp;&nbsp;&nbsp;&nbsp;&nbsp;&nbsp;&nbsp;&nbsp;&nbsp;&nbsp;&nbsp;&nbsp;&nbsp;&nbsp;&nbsp;&nbsp;&nbsp;&nbsp; Directrice du cluster Cordaid BDI/RDC</strong></p>



<p><a href="https://intercontactservices.com/wp-content/uploads/2026/04/Description-de-poste-de-Controleur-du-projet-Acces-a-la-justice-4-1.docx" target="_blank" rel="noopener" title="">Description de poste de Contrôleur du projet Accès à la justice (4)</a></p>



<p></p>



<p></p>
